8). Let l be (v - -5)*15/6*1. Suppose 1219 = l*d + 219. What is the hundreds digit of d?
2
Let k(v) = v - 2. Let n(y) be the third derivative of -19*y**4/24 + 5*y**3/3 - 14*y**2. Let c(a) = -6*k(a) + n(a). What is the hundreds digit of c(-6)?
1
Let o(x) = 409*x**2 + 14*x - 59. What is the tens digit of o(4)?
4
Let k(h) = 373*h + 25. Suppose 0 = 2*z - 4*l - 26, 2*z - 19 = 4*z + 5*l. What is the hundreds digit of k(z)?
1
Let b(w) = -w + 56 + 23*w - 8 + 3*w. What is the tens digit of b(10)?
9
Let f(w) = 3*w**3 - 14*w**2 + 31*w - 219. What is the units digit of f(15)?
1
Let z(q) = 6*q - 15. Let b be z(3). Suppose 5*s + 5*n - 633 = n, -b*s = 5*n - 372. What is the units digit of s?
9
Let k(i) = -2*i**2 + 70*i + 28. Let l be k(34). Suppose -11*r = -1548 + l. What is the hundreds digit of r?
1
Let m(i) = 3*i**2 - 6*i - 9. Let g be m(-4). Let o be 7/(-28) - (-4)/(48/g). Suppose 396 = o*d - d. What is the units digit of d?
9
Let j(s) = 201*s**2 - 9*s - 17. What is the hundreds digit of j(-8)?
9
What is the units digit of 3/(-9) + 0 - 19891/(-3)?
0
Let q(y) = -y**2 - 6*y + 49. Let c be q(-17). What is the tens digit of 58/6*-2*2277/c?
1
Suppose 0 = x + b + 1, 4*b + 7 = -5*x + 5. Suppose -l = x*d - 635, 1336 = 4*d - 3*l + 51. What is the units digit of d?
9
Suppose 2*l - y - 2106 = -2*y, 5*y = 0. What is the thousands digit of l?
1
Suppose -2*i + 6*i + 4*j - 4 = 0, 2*i = 3*j + 22. Suppose i*q - 940 - 980 = 0. Suppose -13*b = q - 1697. What is the tens digit of b?
0
Suppose -21*m = -26*m - 160. Let i = 34 + m. Suppose 4*f - 812 = -4*j, -203 = 3*f - 4*f + i*j. What is the units digit of f?
3
Let u = -924 + 924. Suppose u = 105*y - 101*y - 3696. What is the units digit of y?
4
Suppose 0 = 5*y - 27 + 2. Suppose -y = s, -t - 5*s + 229 + 49 = 0. Suppose 0*l + 3*l - t = 0. What is the hundreds digit of l?
1
What is the thousands digit of ((-714750)/15)/((4/(-7))/(62/217))?
3
Let f(p) = 39*p**2 + 149*p - 38. What is the hundreds digit of f(12)?
3
Let n = 17 - 24. Let z(h) = h**2 + 11*h - 7. Let s be z(n). Let j = 87 + s. What is the tens digit of j?
5
Let n be (-1)/(24/(-32)) + (-8)/(-3). Suppose 3*g + z - 6*z = 4615, n*g - 5*z = 6150. What is the tens digit of g?
3
Let t = -17 + 50. Let a = -28 + t. Suppose a*f + 4*o = 273, -5*o = -3*f - 0*o + 186. What is the units digit of f?
7
Suppose 4*b = -c - 382, 2*b - 7*b = 3*c + 1174. Let q = c + 602. What is the units digit of q?
4
Let v = -2707 + 3794. What is the thousands digit of v?
1
Let j(v) = -v**3 - 31*v**2 - 45*v + 37. What is the units digit of j(-35)?
2
Let f(m) = -m**3 - 37*m**2 + 39*m + 70. Let p(b) = -3*b**3 - 113*b**2 + 116*b + 210. Let j(a) = 7*f(a) - 2*p(a). What is the hundreds digit of j(-35)?
0
Let s = 116 + -113. Suppose -8 = -s*v + v, -284 = -4*p + 2*v. Suppose -2*m + 5*g + 134 + p = 0, 4*m = -2*g + 450. What is the tens digit of m?
1
What is the ten thousands digit of (-3 - (-426410)/15) + (-10)/(-15)?
2
Suppose 3*v = -5*i - 56700, 4*i + 45353 = 2*v - 3*v. What is the hundreds digit of i/(-17) + -3 - 6/(-51)?
6
Suppose 0 = 2*h - m - 27485, -h + m = -2*m - 13745. What is the thousands digit of h?
3
Let b be (-2)/6*4/(16/(-276)). Suppose 0*k + 20 = 5*k, -5*v = 2*k - b. What is the hundreds digit of v/((-79)/301 + (-12)/(-42))?
1
Let i(t) = -2704*t - 8321. What is the thousands digit of i(-5)?
5
Let w(j) = -2*j - 1. Let g(o) = 8*o - 32. Let d(v) = -g(v) - 5*w(v). What is the units digit of d(-11)?
5
Suppose 5759 = 36*r - 23*r. Let o = r - 113. What is the hundreds digit of o?
3
Suppose -2*b + 38 = -0*b. Suppose b*o = 15*o - 404. Let t = -54 - o. What is the units digit of t?
7
Suppose -4 = -6*a + 32. Suppose -5*y + 4*b + a = -6, 3 = -b. Suppose -5*w + 290 - 95 = y. What is the tens digit of w?
3
Let k(c) = -c**3 - 97*c**2 - 307*c + 194. What is the ten thousands digit of k(-100)?
6
Suppose -5*v + 3*x + 9359 = 0, 0 = -4*x - 5 + 13. What is the units digit of v?
3
Suppose 395*l = 392*l + 77511. What is the hundreds digit of l?
8
Let m(w) be the first derivative of -2*w**3/3 - 34*w**2 - 22*w + 59. What is the tens digit of m(-9)?
2
Let w = -157 + 177. Suppose w*g - 1024 = 12*g. What is the tens digit of g?
2
Let l(t) = -t**3 + 38*t**2 - 77*t + 20. Let m be l(35). Suppose -3*i + m = 3*x + 2*i, 1003 = 3*x + 2*i. What is the hundreds digit of x?
3
Suppose 2*i = 4*o - 0*i - 24, -12 = -4*o - i. What is the units digit of 368/2*4 + 0 + o?
0
Let v(h) = 10*h - 105. Let t be v(11). Suppose 762 = g + t*z + 261, -g + 2*z + 536 = 0. What is the hundreds digit of g?
5
Suppose -4*y - r + 135366 = 0, -2*r - 101530 = 231*y - 234*y. What is the ten thousands digit of y?
3
Suppose -341013 + 97650 = -46*t + 398843. What is the hundreds digit of t?
9
Let s = -3586 - -7520. What is the units digit of s?
4
Let f be (-450)/(-20) + 1/(-2). Suppose f*q + 3536 = 26*q. Let i = q - 631. What is the tens digit of i?
5
Let t = -525 - -568. Suppose 26480 = 59*a - t*a. What is the units digit of a?
5
Let t = -179 - -252. Let g(f) = -f**3 + 25*f**2 + 70*f - 149. Let s be g(27). Let q = s - t. What is the units digit of q?
0
Let s(c) = 10*c**2 + 13*c + 9. Let i(r) = -29*r**2 - 39*r - 27. Let w(a) = -4*i(a) - 11*s(a). What is the units digit of w(-9)?
8
Let j = -117 - -95. Let v = 41 + j. Let h(t) = t**3 - 19*t**2 + 12*t - 12. What is the tens digit of h(v)?
1
Suppose 3*c = -5*j + 1642, 0 = -j - 2*c - 2*c + 342. Let q = 915 + j. What is the units digit of q?
1
Suppose -6*u + 1333 = -1469. Let r = u + -138. What is the hundreds digit of r?
3
Let t(n) = -n**3 + 9*n**2 - 3*n - 27. Let f(h) = 4*h - 7. Let b(c) = 4*c - 8. Let z(j) = 5*b(j) - 4*f(j). Let v be z(5). What is the units digit of t(v)?
3
Let g(t) = 5*t**2 + t - 1. Let y be g(-1). Suppose 24 = -y*u + 7*u. What is the tens digit of 112/10 + u/(-30)?
1
Suppose 16 = -4*r + 4*b, -4*r + b - 2*b - 6 = 0. What is the tens digit of (r - -6 - 6)*(-4660)/8?
6
Let h = 755 - 741. Suppose h*w - 53*w + 52221 = 0. What is the hundreds digit of w?
3
Let q(a) = -14*a - 43*a + 18*a + 64 + 9. What is the hundreds digit of q(-21)?
8
Let q = 3 + -1. Let p(h) = 8*h - 6 + 13*h + 9*h. What is the units digit of p(q)?
4
Let v = 97 + -7. Suppose 8*q + 18 = v. Suppose -q*g = g - 720. What is the tens digit of g?
7
Let z be 3 - (11 + -1) - -9. What is the hundreds digit of (-3 - (4 - z))/(3/(-453))?
7
Suppose -320 = -1280*f + 1300*f. Let i(b) = 9*b**2 - 2*b + 2. Let o be i(3). What is the tens digit of o + 3/((-12)/f)?
8
Let a(b) = b**3 + 3*b**2 - 3*b + 1503. Let j be a(0). Let m = -763 + j. What is the hundreds digit of m?
7
Let s be (30 + -31 + (-10)/6)*-2100. Suppose -3*x + s = 5*o, 5*o + 5*x = 2722 + 2888. What is the units digit of o?
7
Let v(k) = -k**3 + 5*k**2 + 2*k - 5. Let f be v(5). Suppose 3*z - 306 = -s + 96, 0 = f*s + z - 1982. What is the hundreds digit of s?
3
Let g be -91 + 1179 + (1 - 1 - -1). Suppose 0*s + g = f + 3*s, 3267 = 3*f + 2*s. What is the thousands digit of f?
1
Suppose 0 = -3*x + 200*v - 205*v + 56078, 4*x - 74748 = -v. What is the thousands digit of x?
8
Let d(o) = 40*o**2 - 3*o + 1. Let a be d(4). Let w = 1097 - a. What is the hundreds digit of w?
4
Suppose -22889 = 9*f - 137774. What is the tens digit of f?
6
Let i(l) = 5*l**2 + 13*l + 12. Let s be 6 + ((-6)/(-3) - 1). What is the tens digit of i(s)?
4
Let l = -4720 - -7283. What is the tens digit of l?
6
Suppose 78 = -2*y + 5*y. What is the tens digit of (-1853)/(-7) + y/91?
6
Suppose 3*l - 2*w - 1729 = -0*l, 3*w = -5*l + 2850. Let z = l - 237. Suppose -15*d + 19*d = z. What is the tens digit of d?
8
Suppose 3*m = 4*p - 30941, 5551 + 2197 = p - 5*m. What is the units digit of p?
3
Let f be 187/34 + 1 + 9/(-6). Suppose -3*j - 13 = f*o, -o + 0 + 1 = -3*j. What is the tens digit of o/(-18) - 16499/(-63)?
6
What is the ten thousands digit of (5678480/(-160))/(1*(2 + (-10)/4))?
7
Suppose 4*o + 5*o = 3*o. Suppose r = -4*p + 1886, o = 2*r - 2 - 2. What is the hundreds digit of p?
4
Suppose 3*x - 13943 = -u, -48 = u - 44. What is the hundreds digit of x?
6
Let q(s) = 21*s**2 - 25*s. Let z be q(5). Suppose -3*o - 5 = 4*h, -26 = -5*h + 5*o - 6. What is the tens digit of (3 + z/5)*h?
8
Let z(o) be the third derivative of 1/60*o**5 + 3/2*o**3 + 14*o**2 + 0 - 1/2*o**4 + 0*o. What is the tens digit of z(14)?
3
Suppose -46 = 3*c - c. L